{"id":21,"date":"2019-09-05T11:34:20","date_gmt":"2019-09-05T08:34:20","guid":{"rendered":"https:\/\/kotkantietokoneapu.fi\/portfolio\/"},"modified":"2022-08-11T13:54:49","modified_gmt":"2022-08-11T10:54:49","slug":"korjaus","status":"publish","type":"page","link":"https:\/\/kotkantietokoneapu.fi\/?page_id=21","title":{"rendered":"Korjauskuvia"},"content":{"rendered":"\n<p><strong>Ps4 puhdistus, jotkut pelit eiv\u00e4t k\u00e4ynnistyneet kun laite k\u00e4vi liian kuumana, Frotnite pelivalikon alku jumissa ja l\u00e4mp\u00f6tila 83 astetta.<\/strong><\/p>\n\n\n\n<p><strong>Huollon j\u00e4lkeen Fortnite peli p\u00e4\u00e4si peliin sis\u00e4lle ja l\u00e4mp\u00f6tila putosi 60 asteeseen.<\/strong><\/p>\n\n\n\n<p><strong>Suorituskyky palautui PS4 konsolille sek\u00e4 hiljeni huomattavasti.<\/strong><\/p>\n\n\n\n<figure class=\"wp-block-image size-full\"><a href=\"https:\/\/kotkantietokoneapu.fi\/wp-content\/uploads\/2022\/08\/flir_20220805T151138.jpg\"><img loading=\"lazy\" decoding=\"async\" width=\"1080\" height=\"1440\" src=\"https:\/\/kotkantietokoneapu.fi\/wp-content\/uploads\/2022\/08\/flir_20220805T151138.jpg\" alt=\"Ennen huoltoa\" class=\"wp-image-647\" srcset=\"https:\/\/kotkantietokoneapu.fi\/wp-content\/uploads\/2022\/08\/flir_20220805T151138.jpg 1080w, https:\/\/kotkantietokoneapu.fi\/wp-content\/uploads\/2022\/08\/flir_20220805T151138-225x300.jpg 225w\" sizes=\"auto, (max-width: 1080px) 100vw, 1080px\" \/><\/a><\/figure>\n\n\n\n<figure class=\"wp-block-gallery has-nested-images columns-default is-cropped wp-block-gallery-1 is-layout-flex wp-block-gallery-is-layout-flex\">\n<figure class=\"wp-block-image size-large\"><a href=\"https:\/\/kotkantietokoneapu.fi\/wp-content\/uploads\/2022\/08\/IMG_20220805_155740-2-scaled.jpg\"><img loading=\"lazy\" decoding=\"async\" width=\"467\" height=\"1024\" data-id=\"651\" src=\"https:\/\/kotkantietokoneapu.fi\/wp-content\/uploads\/2022\/08\/IMG_20220805_155740-2-467x1024.jpg\" alt=\"\" class=\"wp-image-651\" srcset=\"https:\/\/kotkantietokoneapu.fi\/wp-content\/uploads\/2022\/08\/IMG_20220805_155740-2-467x1024.jpg 467w, https:\/\/kotkantietokoneapu.fi\/wp-content\/uploads\/2022\/08\/IMG_20220805_155740-2-137x300.jpg 137w, https:\/\/kotkantietokoneapu.fi\/wp-content\/uploads\/2022\/08\/IMG_20220805_155740-2-768x1684.jpg 768w, https:\/\/kotkantietokoneapu.fi\/wp-content\/uploads\/2022\/08\/IMG_20220805_155740-2-700x1536.jpg 700w, https:\/\/kotkantietokoneapu.fi\/wp-content\/uploads\/2022\/08\/IMG_20220805_155740-2-934x2048.jpg 934w, https:\/\/kotkantietokoneapu.fi\/wp-content\/uploads\/2022\/08\/IMG_20220805_155740-2-scaled.jpg 1167w\" sizes=\"auto, (max-width: 467px) 100vw, 467px\" \/><\/a><\/figure>\n\n\n\n<figure class=\"wp-block-image size-large\"><a href=\"https:\/\/kotkantietokoneapu.fi\/wp-content\/uploads\/2022\/08\/IMG_20220805_160219-1-scaled.jpg\"><img loading=\"lazy\" decoding=\"async\" width=\"467\" height=\"1024\" data-id=\"652\" src=\"https:\/\/kotkantietokoneapu.fi\/wp-content\/uploads\/2022\/08\/IMG_20220805_160219-1-467x1024.jpg\" alt=\"\" class=\"wp-image-652\" srcset=\"https:\/\/kotkantietokoneapu.fi\/wp-content\/uploads\/2022\/08\/IMG_20220805_160219-1-467x1024.jpg 467w, https:\/\/kotkantietokoneapu.fi\/wp-content\/uploads\/2022\/08\/IMG_20220805_160219-1-137x300.jpg 137w, https:\/\/kotkantietokoneapu.fi\/wp-content\/uploads\/2022\/08\/IMG_20220805_160219-1-768x1684.jpg 768w, https:\/\/kotkantietokoneapu.fi\/wp-content\/uploads\/2022\/08\/IMG_20220805_160219-1-700x1536.jpg 700w, https:\/\/kotkantietokoneapu.fi\/wp-content\/uploads\/2022\/08\/IMG_20220805_160219-1-934x2048.jpg 934w, https:\/\/kotkantietokoneapu.fi\/wp-content\/uploads\/2022\/08\/IMG_20220805_160219-1-scaled.jpg 1167w\" sizes=\"auto, (max-width: 467px) 100vw, 467px\" \/><\/a><\/figure>\n\n\n\n<figure class=\"wp-block-image size-large\"><a href=\"https:\/\/kotkantietokoneapu.fi\/wp-content\/uploads\/2022\/08\/IMG_20220805_160529-1-scaled.jpg\"><img loading=\"lazy\" decoding=\"async\" width=\"467\" height=\"1024\" data-id=\"653\" src=\"https:\/\/kotkantietokoneapu.fi\/wp-content\/uploads\/2022\/08\/IMG_20220805_160529-1-467x1024.jpg\" alt=\"\" class=\"wp-image-653\" srcset=\"https:\/\/kotkantietokoneapu.fi\/wp-content\/uploads\/2022\/08\/IMG_20220805_160529-1-467x1024.jpg 467w, https:\/\/kotkantietokoneapu.fi\/wp-content\/uploads\/2022\/08\/IMG_20220805_160529-1-137x300.jpg 137w, https:\/\/kotkantietokoneapu.fi\/wp-content\/uploads\/2022\/08\/IMG_20220805_160529-1-768x1684.jpg 768w, https:\/\/kotkantietokoneapu.fi\/wp-content\/uploads\/2022\/08\/IMG_20220805_160529-1-700x1536.jpg 700w, https:\/\/kotkantietokoneapu.fi\/wp-content\/uploads\/2022\/08\/IMG_20220805_160529-1-934x2048.jpg 934w, https:\/\/kotkantietokoneapu.fi\/wp-content\/uploads\/2022\/08\/IMG_20220805_160529-1-scaled.jpg 1167w\" sizes=\"auto, (max-width: 467px) 100vw, 467px\" \/><\/a><\/figure>\n\n\n\n<figure class=\"wp-block-image size-large\"><a href=\"https:\/\/kotkantietokoneapu.fi\/wp-content\/uploads\/2022\/08\/IMG_20220805_161248-1-scaled.jpg\"><img loading=\"lazy\" decoding=\"async\" width=\"467\" height=\"1024\" data-id=\"654\" src=\"https:\/\/kotkantietokoneapu.fi\/wp-content\/uploads\/2022\/08\/IMG_20220805_161248-1-467x1024.jpg\" alt=\"\" class=\"wp-image-654\" srcset=\"https:\/\/kotkantietokoneapu.fi\/wp-content\/uploads\/2022\/08\/IMG_20220805_161248-1-467x1024.jpg 467w, https:\/\/kotkantietokoneapu.fi\/wp-content\/uploads\/2022\/08\/IMG_20220805_161248-1-137x300.jpg 137w, https:\/\/kotkantietokoneapu.fi\/wp-content\/uploads\/2022\/08\/IMG_20220805_161248-1-768x1684.jpg 768w, https:\/\/kotkantietokoneapu.fi\/wp-content\/uploads\/2022\/08\/IMG_20220805_161248-1-700x1536.jpg 700w, https:\/\/kotkantietokoneapu.fi\/wp-content\/uploads\/2022\/08\/IMG_20220805_161248-1-934x2048.jpg 934w, https:\/\/kotkantietokoneapu.fi\/wp-content\/uploads\/2022\/08\/IMG_20220805_161248-1-scaled.jpg 1167w\" sizes=\"auto, (max-width: 467px) 100vw, 467px\" \/><\/a><\/figure>\n\n\n\n<figure class=\"wp-block-image size-large\"><a href=\"https:\/\/kotkantietokoneapu.fi\/wp-content\/uploads\/2022\/08\/IMG_20220805_161631-1-scaled.jpg\"><img loading=\"lazy\" decoding=\"async\" width=\"467\" height=\"1024\" data-id=\"655\" src=\"https:\/\/kotkantietokoneapu.fi\/wp-content\/uploads\/2022\/08\/IMG_20220805_161631-1-467x1024.jpg\" alt=\"\" class=\"wp-image-655\" srcset=\"https:\/\/kotkantietokoneapu.fi\/wp-content\/uploads\/2022\/08\/IMG_20220805_161631-1-467x1024.jpg 467w, https:\/\/kotkantietokoneapu.fi\/wp-content\/uploads\/2022\/08\/IMG_20220805_161631-1-137x300.jpg 137w, https:\/\/kotkantietokoneapu.fi\/wp-content\/uploads\/2022\/08\/IMG_20220805_161631-1-768x1684.jpg 768w, https:\/\/kotkantietokoneapu.fi\/wp-content\/uploads\/2022\/08\/IMG_20220805_161631-1-700x1536.jpg 700w, https:\/\/kotkantietokoneapu.fi\/wp-content\/uploads\/2022\/08\/IMG_20220805_161631-1-934x2048.jpg 934w, https:\/\/kotkantietokoneapu.fi\/wp-content\/uploads\/2022\/08\/IMG_20220805_161631-1-scaled.jpg 1167w\" sizes=\"auto, (max-width: 467px) 100vw, 467px\" \/><\/a><\/figure>\n\n\n\n<figure class=\"wp-block-image size-large\"><a href=\"https:\/\/kotkantietokoneapu.fi\/wp-content\/uploads\/2022\/08\/IMG_20220805_162035-1-scaled.jpg\"><img loading=\"lazy\" decoding=\"async\" width=\"467\" height=\"1024\" data-id=\"656\" src=\"https:\/\/kotkantietokoneapu.fi\/wp-content\/uploads\/2022\/08\/IMG_20220805_162035-1-467x1024.jpg\" alt=\"\" class=\"wp-image-656\" srcset=\"https:\/\/kotkantietokoneapu.fi\/wp-content\/uploads\/2022\/08\/IMG_20220805_162035-1-467x1024.jpg 467w, https:\/\/kotkantietokoneapu.fi\/wp-content\/uploads\/2022\/08\/IMG_20220805_162035-1-137x300.jpg 137w, https:\/\/kotkantietokoneapu.fi\/wp-content\/uploads\/2022\/08\/IMG_20220805_162035-1-768x1684.jpg 768w, https:\/\/kotkantietokoneapu.fi\/wp-content\/uploads\/2022\/08\/IMG_20220805_162035-1-700x1536.jpg 700w, https:\/\/kotkantietokoneapu.fi\/wp-content\/uploads\/2022\/08\/IMG_20220805_162035-1-934x2048.jpg 934w, https:\/\/kotkantietokoneapu.fi\/wp-content\/uploads\/2022\/08\/IMG_20220805_162035-1-scaled.jpg 1167w\" sizes=\"auto, (max-width: 467px) 100vw, 467px\" \/><\/a><\/figure>\n\n\n\n<figure class=\"wp-block-image size-large\"><a href=\"https:\/\/kotkantietokoneapu.fi\/wp-content\/uploads\/2022\/08\/flir_20220805T165102-1.jpg\"><img loading=\"lazy\" decoding=\"async\" width=\"768\" height=\"1024\" data-id=\"658\" src=\"https:\/\/kotkantietokoneapu.fi\/wp-content\/uploads\/2022\/08\/flir_20220805T165102-1-768x1024.jpg\" alt=\"\" class=\"wp-image-658\" srcset=\"https:\/\/kotkantietokoneapu.fi\/wp-content\/uploads\/2022\/08\/flir_20220805T165102-1-768x1024.jpg 768w, https:\/\/kotkantietokoneapu.fi\/wp-content\/uploads\/2022\/08\/flir_20220805T165102-1-225x300.jpg 225w, https:\/\/kotkantietokoneapu.fi\/wp-content\/uploads\/2022\/08\/flir_20220805T165102-1.jpg 1080w\" sizes=\"auto, (max-width: 768px) 100vw, 768px\" \/><\/a><\/figure>\n<\/figure>\n\n\n\n<p><\/p>\n\n\n\n<figure class=\"wp-block-gallery has-nested-images columns-default is-cropped wp-block-gallery-2 is-layout-flex wp-block-gallery-is-layout-flex\">\n<figure class=\"wp-block-image size-large\"><img loading=\"lazy\" decoding=\"async\" width=\"1024\" height=\"1024\" data-id=\"57\" src=\"https:\/\/kotkantietokoneapu.fi\/wp-content\/uploads\/2019\/09\/IMG_20190207_194330_545-1024x1024.jpg\" alt=\"\" class=\"wp-image-57\" srcset=\"https:\/\/kotkantietokoneapu.fi\/wp-content\/uploads\/2019\/09\/IMG_20190207_194330_545-1024x1024.jpg 1024w, https:\/\/kotkantietokoneapu.fi\/wp-content\/uploads\/2019\/09\/IMG_20190207_194330_545-150x150.jpg 150w, https:\/\/kotkantietokoneapu.fi\/wp-content\/uploads\/2019\/09\/IMG_20190207_194330_545-300x300.jpg 300w, https:\/\/kotkantietokoneapu.fi\/wp-content\/uploads\/2019\/09\/IMG_20190207_194330_545-768x768.jpg 768w, https:\/\/kotkantietokoneapu.fi\/wp-content\/uploads\/2019\/09\/IMG_20190207_194330_545.jpg 1035w\" sizes=\"auto, (max-width: 1024px) 100vw, 1024px\" \/><figcaption>P\u00e4\u00e4lt\u00e4 kone n\u00e4ytt\u00e4\u00e4 puhtaalta. Mutta k\u00e4y kuumana ja kaatuilee.<\/figcaption><\/figure>\n\n\n\n<figure class=\"wp-block-image size-large\"><img loading=\"lazy\" decoding=\"async\" width=\"842\" height=\"842\" data-id=\"56\" src=\"https:\/\/kotkantietokoneapu.fi\/wp-content\/uploads\/2019\/09\/IMG_20190207_194330_543-1.jpg\" alt=\"\" class=\"wp-image-56\" srcset=\"https:\/\/kotkantietokoneapu.fi\/wp-content\/uploads\/2019\/09\/IMG_20190207_194330_543-1.jpg 842w, https:\/\/kotkantietokoneapu.fi\/wp-content\/uploads\/2019\/09\/IMG_20190207_194330_543-1-150x150.jpg 150w, https:\/\/kotkantietokoneapu.fi\/wp-content\/uploads\/2019\/09\/IMG_20190207_194330_543-1-300x300.jpg 300w, https:\/\/kotkantietokoneapu.fi\/wp-content\/uploads\/2019\/09\/IMG_20190207_194330_543-1-768x768.jpg 768w\" sizes=\"auto, (max-width: 842px) 100vw, 842px\" \/><figcaption>Sis\u00e4ll\u00e4 piilee yll\u00e4tys, p\u00f6ly\u00e4 on jumittunut j\u00e4\u00e4hdytyksen olustuloon.<\/figcaption><\/figure>\n\n\n\n<figure class=\"wp-block-image size-large\"><img loading=\"lazy\" decoding=\"async\" width=\"842\" height=\"842\" data-id=\"55\" src=\"https:\/\/kotkantietokoneapu.fi\/wp-content\/uploads\/2019\/09\/IMG_20190207_194330_541.jpg\" alt=\"\" class=\"wp-image-55\" srcset=\"https:\/\/kotkantietokoneapu.fi\/wp-content\/uploads\/2019\/09\/IMG_20190207_194330_541.jpg 842w, https:\/\/kotkantietokoneapu.fi\/wp-content\/uploads\/2019\/09\/IMG_20190207_194330_541-150x150.jpg 150w, https:\/\/kotkantietokoneapu.fi\/wp-content\/uploads\/2019\/09\/IMG_20190207_194330_541-300x300.jpg 300w, https:\/\/kotkantietokoneapu.fi\/wp-content\/uploads\/2019\/09\/IMG_20190207_194330_541-768x768.jpg 768w\" sizes=\"auto, (max-width: 842px) 100vw, 842px\" \/><figcaption>Emolevy t\u00e4ytyy irroittaa puhdistusta varten.<\/figcaption><\/figure>\n\n\n\n<figure class=\"wp-block-image size-large\"><img loading=\"lazy\" decoding=\"async\" width=\"842\" height=\"842\" data-id=\"62\" src=\"https:\/\/kotkantietokoneapu.fi\/wp-content\/uploads\/2019\/09\/IMG_20190207_194330_566.jpg\" alt=\"\" class=\"wp-image-62\" srcset=\"https:\/\/kotkantietokoneapu.fi\/wp-content\/uploads\/2019\/09\/IMG_20190207_194330_566.jpg 842w, https:\/\/kotkantietokoneapu.fi\/wp-content\/uploads\/2019\/09\/IMG_20190207_194330_566-150x150.jpg 150w, https:\/\/kotkantietokoneapu.fi\/wp-content\/uploads\/2019\/09\/IMG_20190207_194330_566-300x300.jpg 300w, https:\/\/kotkantietokoneapu.fi\/wp-content\/uploads\/2019\/09\/IMG_20190207_194330_566-768x768.jpg 768w\" sizes=\"auto, (max-width: 842px) 100vw, 842px\" \/><figcaption>Irroitettu emolevy p\u00f6yd\u00e4ll\u00e4 odottamassa puhdistusta.<\/figcaption><\/figure>\n\n\n\n<figure class=\"wp-block-image size-large\"><img loading=\"lazy\" decoding=\"async\" width=\"842\" height=\"842\" data-id=\"63\" src=\"https:\/\/kotkantietokoneapu.fi\/wp-content\/uploads\/2019\/09\/IMG_20190207_194512_016.jpg\" alt=\"\" class=\"wp-image-63\" srcset=\"https:\/\/kotkantietokoneapu.fi\/wp-content\/uploads\/2019\/09\/IMG_20190207_194512_016.jpg 842w, https:\/\/kotkantietokoneapu.fi\/wp-content\/uploads\/2019\/09\/IMG_20190207_194512_016-150x150.jpg 150w, https:\/\/kotkantietokoneapu.fi\/wp-content\/uploads\/2019\/09\/IMG_20190207_194512_016-300x300.jpg 300w, https:\/\/kotkantietokoneapu.fi\/wp-content\/uploads\/2019\/09\/IMG_20190207_194512_016-768x768.jpg 768w\" sizes=\"auto, (max-width: 842px) 100vw, 842px\" \/><figcaption>Puhdistus tarvikkeet.<\/figcaption><\/figure>\n\n\n\n<figure class=\"wp-block-image size-large\"><img loading=\"lazy\" decoding=\"async\" width=\"842\" height=\"842\" data-id=\"59\" src=\"https:\/\/kotkantietokoneapu.fi\/wp-content\/uploads\/2019\/09\/IMG_20190207_194330_554.jpg\" alt=\"\" class=\"wp-image-59\" srcset=\"https:\/\/kotkantietokoneapu.fi\/wp-content\/uploads\/2019\/09\/IMG_20190207_194330_554.jpg 842w, https:\/\/kotkantietokoneapu.fi\/wp-content\/uploads\/2019\/09\/IMG_20190207_194330_554-150x150.jpg 150w, https:\/\/kotkantietokoneapu.fi\/wp-content\/uploads\/2019\/09\/IMG_20190207_194330_554-300x300.jpg 300w, https:\/\/kotkantietokoneapu.fi\/wp-content\/uploads\/2019\/09\/IMG_20190207_194330_554-768x768.jpg 768w\" sizes=\"auto, (max-width: 842px) 100vw, 842px\" \/><\/figure>\n\n\n\n<figure class=\"wp-block-image size-large\"><img loading=\"lazy\" decoding=\"async\" width=\"842\" height=\"842\" data-id=\"60\" src=\"https:\/\/kotkantietokoneapu.fi\/wp-content\/uploads\/2019\/09\/IMG_20190207_194330_558.jpg\" alt=\"\" class=\"wp-image-60\" srcset=\"https:\/\/kotkantietokoneapu.fi\/wp-content\/uploads\/2019\/09\/IMG_20190207_194330_558.jpg 842w, https:\/\/kotkantietokoneapu.fi\/wp-content\/uploads\/2019\/09\/IMG_20190207_194330_558-150x150.jpg 150w, https:\/\/kotkantietokoneapu.fi\/wp-content\/uploads\/2019\/09\/IMG_20190207_194330_558-300x300.jpg 300w, https:\/\/kotkantietokoneapu.fi\/wp-content\/uploads\/2019\/09\/IMG_20190207_194330_558-768x768.jpg 768w\" sizes=\"auto, (max-width: 842px) 100vw, 842px\" \/><\/figure>\n\n\n\n<figure class=\"wp-block-image size-large\"><img loading=\"lazy\" decoding=\"async\" width=\"842\" height=\"842\" data-id=\"61\" src=\"https:\/\/kotkantietokoneapu.fi\/wp-content\/uploads\/2019\/09\/IMG_20190207_194330_559.jpg\" alt=\"\" class=\"wp-image-61\" srcset=\"https:\/\/kotkantietokoneapu.fi\/wp-content\/uploads\/2019\/09\/IMG_20190207_194330_559.jpg 842w, https:\/\/kotkantietokoneapu.fi\/wp-content\/uploads\/2019\/09\/IMG_20190207_194330_559-150x150.jpg 150w, https:\/\/kotkantietokoneapu.fi\/wp-content\/uploads\/2019\/09\/IMG_20190207_194330_559-300x300.jpg 300w, https:\/\/kotkantietokoneapu.fi\/wp-content\/uploads\/2019\/09\/IMG_20190207_194330_559-768x768.jpg 768w\" sizes=\"auto, (max-width: 842px) 100vw, 842px\" \/><\/figure>\n\n\n\n<figure class=\"wp-block-image size-large\"><img loading=\"lazy\" decoding=\"async\" width=\"842\" height=\"842\" data-id=\"64\" src=\"https:\/\/kotkantietokoneapu.fi\/wp-content\/uploads\/2019\/09\/IMG_20190207_194512_017.jpg\" alt=\"\" class=\"wp-image-64\" srcset=\"https:\/\/kotkantietokoneapu.fi\/wp-content\/uploads\/2019\/09\/IMG_20190207_194512_017.jpg 842w, https:\/\/kotkantietokoneapu.fi\/wp-content\/uploads\/2019\/09\/IMG_20190207_194512_017-150x150.jpg 150w, https:\/\/kotkantietokoneapu.fi\/wp-content\/uploads\/2019\/09\/IMG_20190207_194512_017-300x300.jpg 300w, https:\/\/kotkantietokoneapu.fi\/wp-content\/uploads\/2019\/09\/IMG_20190207_194512_017-768x768.jpg 768w\" sizes=\"auto, (max-width: 842px) 100vw, 842px\" \/><\/figure>\n\n\n\n<figure class=\"wp-block-image size-large\"><img loading=\"lazy\" decoding=\"async\" width=\"842\" height=\"842\" data-id=\"65\" src=\"https:\/\/kotkantietokoneapu.fi\/wp-content\/uploads\/2019\/09\/IMG_20190207_194512_018.jpg\" alt=\"\" class=\"wp-image-65\" srcset=\"https:\/\/kotkantietokoneapu.fi\/wp-content\/uploads\/2019\/09\/IMG_20190207_194512_018.jpg 842w, https:\/\/kotkantietokoneapu.fi\/wp-content\/uploads\/2019\/09\/IMG_20190207_194512_018-150x150.jpg 150w, https:\/\/kotkantietokoneapu.fi\/wp-content\/uploads\/2019\/09\/IMG_20190207_194512_018-300x300.jpg 300w, https:\/\/kotkantietokoneapu.fi\/wp-content\/uploads\/2019\/09\/IMG_20190207_194512_018-768x768.jpg 768w\" sizes=\"auto, (max-width: 842px) 100vw, 842px\" \/><\/figure>\n\n\n\n<figure class=\"wp-block-image size-large\"><img loading=\"lazy\" decoding=\"async\" width=\"842\" height=\"842\" data-id=\"69\" src=\"https:\/\/kotkantietokoneapu.fi\/wp-content\/uploads\/2019\/09\/IMG_20190207_194512_036.jpg\" alt=\"\" class=\"wp-image-69\" srcset=\"https:\/\/kotkantietokoneapu.fi\/wp-content\/uploads\/2019\/09\/IMG_20190207_194512_036.jpg 842w, https:\/\/kotkantietokoneapu.fi\/wp-content\/uploads\/2019\/09\/IMG_20190207_194512_036-150x150.jpg 150w, https:\/\/kotkantietokoneapu.fi\/wp-content\/uploads\/2019\/09\/IMG_20190207_194512_036-300x300.jpg 300w, https:\/\/kotkantietokoneapu.fi\/wp-content\/uploads\/2019\/09\/IMG_20190207_194512_036-768x768.jpg 768w\" sizes=\"auto, (max-width: 842px) 100vw, 842px\" \/><\/figure>\n\n\n\n<figure class=\"wp-block-image size-large\"><img loading=\"lazy\" decoding=\"async\" width=\"842\" height=\"842\" data-id=\"67\" src=\"https:\/\/kotkantietokoneapu.fi\/wp-content\/uploads\/2019\/09\/IMG_20190207_194512_021.jpg\" alt=\"\" class=\"wp-image-67\" srcset=\"https:\/\/kotkantietokoneapu.fi\/wp-content\/uploads\/2019\/09\/IMG_20190207_194512_021.jpg 842w, https:\/\/kotkantietokoneapu.fi\/wp-content\/uploads\/2019\/09\/IMG_20190207_194512_021-150x150.jpg 150w, https:\/\/kotkantietokoneapu.fi\/wp-content\/uploads\/2019\/09\/IMG_20190207_194512_021-300x300.jpg 300w, https:\/\/kotkantietokoneapu.fi\/wp-content\/uploads\/2019\/09\/IMG_20190207_194512_021-768x768.jpg 768w\" sizes=\"auto, (max-width: 842px) 100vw, 842px\" \/><\/figure>\n\n\n\n<figure class=\"wp-block-image size-large\"><img loading=\"lazy\" decoding=\"async\" width=\"842\" height=\"842\" data-id=\"68\" src=\"https:\/\/kotkantietokoneapu.fi\/wp-content\/uploads\/2019\/09\/IMG_20190207_194512_024-1.jpg\" alt=\"\" class=\"wp-image-68\" srcset=\"https:\/\/kotkantietokoneapu.fi\/wp-content\/uploads\/2019\/09\/IMG_20190207_194512_024-1.jpg 842w, https:\/\/kotkantietokoneapu.fi\/wp-content\/uploads\/2019\/09\/IMG_20190207_194512_024-1-150x150.jpg 150w, https:\/\/kotkantietokoneapu.fi\/wp-content\/uploads\/2019\/09\/IMG_20190207_194512_024-1-300x300.jpg 300w, https:\/\/kotkantietokoneapu.fi\/wp-content\/uploads\/2019\/09\/IMG_20190207_194512_024-1-768x768.jpg 768w\" sizes=\"auto, (max-width: 842px) 100vw, 842px\" \/><\/figure>\n\n\n\n<figure class=\"wp-block-image size-large\"><img loading=\"lazy\" decoding=\"async\" width=\"842\" height=\"842\" data-id=\"58\" src=\"https:\/\/kotkantietokoneapu.fi\/wp-content\/uploads\/2019\/09\/IMG_20190207_194330_551.jpg\" alt=\"\" class=\"wp-image-58\" srcset=\"https:\/\/kotkantietokoneapu.fi\/wp-content\/uploads\/2019\/09\/IMG_20190207_194330_551.jpg 842w, https:\/\/kotkantietokoneapu.fi\/wp-content\/uploads\/2019\/09\/IMG_20190207_194330_551-150x150.jpg 150w, https:\/\/kotkantietokoneapu.fi\/wp-content\/uploads\/2019\/09\/IMG_20190207_194330_551-300x300.jpg 300w, https:\/\/kotkantietokoneapu.fi\/wp-content\/uploads\/2019\/09\/IMG_20190207_194330_551-768x768.jpg 768w\" sizes=\"auto, (max-width: 842px) 100vw, 842px\" \/><\/figure>\n<\/figure>\n","protected":false},"excerpt":{"rendered":"<p>Ps4 puhdistus, jotkut pelit eiv\u00e4t k\u00e4ynnistyneet kun laite k\u00e4vi liian kuumana, Frotnite pelivalikon alku jumissa ja l\u00e4mp\u00f6tila 83 astetta. Huollon j\u00e4lkeen Fortnite peli p\u00e4\u00e4si peliin sis\u00e4lle ja l\u00e4mp\u00f6tila putosi 60 asteeseen. Suorituskyky palautui PS4 konsolille sek\u00e4 hiljeni huomattavasti.<\/p>\n","protected":false},"author":1,"featured_media":0,"parent":0,"menu_order":0,"comment_status":"closed","ping_status":"closed","template":"","meta":{"footnotes":""},"class_list":["post-21","page","type-page","status-publish","hentry"],"_links":{"self":[{"href":"https:\/\/kotkantietokoneapu.fi\/index.php?rest_route=\/wp\/v2\/pages\/21","targetHints":{"allow":["GET"]}}],"collection":[{"href":"https:\/\/kotkantietokoneapu.fi\/index.php?rest_route=\/wp\/v2\/pages"}],"about":[{"href":"https:\/\/kotkantietokoneapu.fi\/index.php?rest_route=\/wp\/v2\/types\/page"}],"author":[{"embeddable":true,"href":"https:\/\/kotkantietokoneapu.fi\/index.php?rest_route=\/wp\/v2\/users\/1"}],"replies":[{"embeddable":true,"href":"https:\/\/kotkantietokoneapu.fi\/index.php?rest_route=%2Fwp%2Fv2%2Fcomments&post=21"}],"version-history":[{"count":2,"href":"https:\/\/kotkantietokoneapu.fi\/index.php?rest_route=\/wp\/v2\/pages\/21\/revisions"}],"predecessor-version":[{"id":659,"href":"https:\/\/kotkantietokoneapu.fi\/index.php?rest_route=\/wp\/v2\/pages\/21\/revisions\/659"}],"wp:attachment":[{"href":"https:\/\/kotkantietokoneapu.fi\/index.php?rest_route=%2Fwp%2Fv2%2Fmedia&parent=21"}],"curies":[{"name":"wp","href":"https:\/\/api.w.org\/{rel}","templated":true}]}}