{"id":334,"date":"2020-02-20T11:20:33","date_gmt":"2020-02-20T09:20:33","guid":{"rendered":"https:\/\/kotkantietokoneapu.fi\/?page_id=334"},"modified":"2026-03-13T13:35:45","modified_gmt":"2026-03-13T11:35:45","slug":"virustorjunta","status":"publish","type":"page","link":"https:\/\/kotkantietokoneapu.fi\/?page_id=334","title":{"rendered":"Virustorjunta"},"content":{"rendered":"\r\n<h2 class=\"wp-block-heading\"><strong>Virustorjunta ohjelmistot<\/strong><\/h2>\r\n\r\n\r\n\r\n<figure class=\"wp-block-table is-style-stripes\">\r\n<table>\r\n<tbody>\r\n<tr>\r\n<td>Tuote<\/td>\r\n<td>Laite m\u00e4\u00e4r\u00e4<\/td>\r\n<td>Kesto<\/td>\r\n<td>Hinta<\/td>\r\n<td>Hinta F-Securelta<\/td>\r\n<\/tr>\r\n<tr>\r\n<td>F-Secure Internet Security<\/td>\r\n<td>3 Laitetta<\/td>\r\n<td>1 Vuosi<\/td>\r\n<td>68\u20ac<\/td>\r\n<td>Normi 69,90\u20ac<\/td>\r\n<\/tr>\r\n<tr>\r\n<td>F-Secure Internet Security<\/td>\r\n<td>5 Laitetta<\/td>\r\n<td>1 Vuosi<\/td>\r\n<td>78\u20ac<\/td>\r\n<td>Normi 79,90\u20ac<\/td>\r\n<\/tr>\r\n<tr>\r\n<td>F-Secure Internet Security<\/td>\r\n<td>7 Laitetta<\/td>\r\n<td>1 Vuosi<\/td>\r\n<td>88\u20ac<\/td>\r\n<td>Normi 89,90\u20ac<\/td>\r\n<\/tr>\r\n<\/tbody>\r\n<\/table>\r\n<\/figure>\r\n\r\n\r\n\r\n<p><strong><strong>F-Secure Internet Security<\/strong><\/strong> \u2011tieto\u00adturva on helppo tapa suojata kaikki laitteesi yhdell\u00e4 tilauksella. Voit asentaa F\u2011Secure Internet Security \u2011tieto\u00adturvan vaivattomasti kaikkiin tieto\u00adkoneisiisi ja mobiili\u00adlaitteisiisi ja hallinnoida tilaustasi My F\u2011Secure \u2011tililt\u00e4si.<\/p>\r\n\r\n\r\n\r\n<p>F\u2011Securen yli 30 vuoden kokemukseen pohjautuva tieto\u00adturva pys\u00e4ytt\u00e4\u00e4 virukset, suojaa rahasi ja tekee nettisurffailusta huoletonta.<\/p>\r\n\r\n\r\n\r\n<p>TIETOTURVAA KAIKILLE LAITTEILLE \/ PC, Mac, Android, iPhone<\/p>\r\n\r\n\r\n\r\n<p>Lis\u00e4\u00e4 tietoa F-Securen muutoksista niitten <a href=\"https:\/\/community.f-secure.com\/internet-security-fi\/kb\/articles\/29608-miten-vanha-f-secure-internet-security-ja-14-2-julkaistu-uusi-f-secure-internet-security-eroavat-toisistaan\" target=\"_blank\" rel=\"noreferrer noopener\"><strong>sivuilla<\/strong><\/a><\/p>\r\n\r\n\r\n\r\n<p>&nbsp;<\/p>\r\n","protected":false},"excerpt":{"rendered":"<p>Virustorjunta ohjelmistot Tuote Laite m\u00e4\u00e4r\u00e4 Kesto Hinta Hinta F-Securelta F-Secure Internet Security 3 Laitetta 1 Vuosi 68\u20ac Normi 69,90\u20ac F-Secure Internet Security 5 Laitetta 1 Vuosi 78\u20ac Normi 79,90\u20ac F-Secure Internet Security 7 Laitetta 1 Vuosi 88\u20ac Normi 89,90\u20ac F-Secure Internet Security \u2011tieto\u00adturva on helppo tapa suojata kaikki laitteesi yhdell\u00e4 tilauksella. Voit asentaa F\u2011Secure Internet Security \u2011tieto\u00adturvan vaivattomasti kaikkiin tieto\u00adkoneisiisi ja mobiili\u00adlaitteisiisi ja hallinnoida tilaustasi My F\u2011Secure \u2011tililt\u00e4si. F\u2011Securen yli 30 vuoden kokemukseen pohjautuva tieto\u00adturva pys\u00e4ytt\u00e4\u00e4 virukset, suojaa rahasi ja tekee nettisurffailusta huoletonta. TIETOTURVAA KAIKILLE LAITTEILLE \/ PC, Mac, Android, iPhone Lis\u00e4\u00e4 tietoa F-Securen muutoksista niitten sivuilla &nbsp;<\/p>\n","protected":false},"author":1,"featured_media":0,"parent":172,"menu_order":0,"comment_status":"closed","ping_status":"closed","template":"","meta":{"footnotes":""},"class_list":["post-334","page","type-page","status-publish","hentry"],"_links":{"self":[{"href":"https:\/\/kotkantietokoneapu.fi\/index.php?rest_route=\/wp\/v2\/pages\/334","targetHints":{"allow":["GET"]}}],"collection":[{"href":"https:\/\/kotkantietokoneapu.fi\/index.php?rest_route=\/wp\/v2\/pages"}],"about":[{"href":"https:\/\/kotkantietokoneapu.fi\/index.php?rest_route=\/wp\/v2\/types\/page"}],"author":[{"embeddable":true,"href":"https:\/\/kotkantietokoneapu.fi\/index.php?rest_route=\/wp\/v2\/users\/1"}],"replies":[{"embeddable":true,"href":"https:\/\/kotkantietokoneapu.fi\/index.php?rest_route=%2Fwp%2Fv2%2Fcomments&post=334"}],"version-history":[{"count":21,"href":"https:\/\/kotkantietokoneapu.fi\/index.php?rest_route=\/wp\/v2\/pages\/334\/revisions"}],"predecessor-version":[{"id":985,"href":"https:\/\/kotkantietokoneapu.fi\/index.php?rest_route=\/wp\/v2\/pages\/334\/revisions\/985"}],"up":[{"embeddable":true,"href":"https:\/\/kotkantietokoneapu.fi\/index.php?rest_route=\/wp\/v2\/pages\/172"}],"wp:attachment":[{"href":"https:\/\/kotkantietokoneapu.fi\/index.php?rest_route=%2Fwp%2Fv2%2Fmedia&parent=334"}],"curies":[{"name":"wp","href":"https:\/\/api.w.org\/{rel}","templated":true}]}}